
Calculate the remainder when 5342149 is divided by 97129.
54
Calculate the remainder when 7373348 is divided by 207.
8
What is the remainder when 15185779 is divided by 279?
88
Calculate the remainder when 90724 is divided by 12857.
725
Calculate the remainder when 5224109 is divided by 16428.
5
What is the remainder when 2907298 is divided by 15?
13
What is the remainder when 1378847 is divided by 24188?
131
What is the remainder when 2287617 is divided by 131?
95
What is the remainder when 155587739 is divided by 330?
329
What is the remainder when 54406 is divided by 26396?
1614
What is the remainder when 19041074 is divided by 2025?
2024
What is the remainder when 3624361 is divided by 6164?
6093
What is the remainder when 30672 is divided by 3557?
2216
What is the remainder when 7303723 is divided by 515?
508
Calculate the remainder when 213407048 is divided by 160.
8
What is the remainder when 75692583 is divided by 121?
65
Calculate the remainder when 1590323 is divided by 747.
707
Calculate the remainder when 16018006 is divided by 5339326.
28
What is the remainder when 10888858 is divided by 9275?
8
Calculate the remainder when 248150 is divided by 1182.
1112
What is the remainder when 21908 is divided by 9123?
3662
Calculate the remainder when 5119511 is divided by 7.
5
Calculate the remainder when 2394764 is divided by 108850.
64
Calculate the remainder when 313473 is divided by 73.
11
Calculate the remainder when 170670 is divided by 282.
60
Calculate the remainder when 286304 is divided by 6658.
10
Calculate the remainder when 854334 is divided by 77623.
481
What is the remainder when 8420 is divided by 559?
35
Calculate the remainder when 28247 is divided by 2567.
10
What is the remainder when 903461 is divided by 609?
314
Calculate the remainder when 5981379 is divided by 21.
12
Calculate the remainder when 504844 is divided by 324.
52
What is the remainder when 871752 is divided by 340?
332
What is the remainder when 1536979 is divided by 192086?
291
What is the remainder when 8420060 is divided by 8420057?
3
Calculate the remainder when 1316774 is divided by 565.
324
What is the remainder when 1574660 is divided by 282?
254
What is the remainder when 318610 is divided by 622?
146
What is the remainder when 723943 is divided by 218?
183
What is the remainder when 128953 is divided by 1439?
882
What is the remainder when 18069 is divided by 2156?
821
What is the remainder when 117586 is divided by 509?
7
Calculate the remainder when 18462579 is divided by 3.
0
What is the remainder when 9779834 is divided by 3776?
3770
Calculate the remainder when 3899648 is divided by 1299875.
23
Calculate the remainder when 98045444 is divided by 956.
952
What is the remainder when 78373 is divided by 23827?
6892
Calculate the remainder when 27276219 is divided by 1185922.
13
What is the remainder when 278580307 is divided by 15869?
12
Calculate the remainder when 102304 is divided by 12755.
264
What is the remainder when 7239091 is divided by 1447816?
11
Calculate the remainder when 1040928 is divided by 12392.
0
What is the remainder when 1426217 is divided by 1394?
155
Calculate the remainder when 282400 is divided by 15688.
16
Calculate the remainder when 323820749 is divided by 20.
9
What is the remainder when 85623 is divided by 21356?
199
Calculate the remainder when 47555415 is divided by 596.
575
Calculate the remainder when 7862821 is divided by 33746.
3
Calculate the remainder when 148913 is divided by 14.
9
What is the remainder when 616365 is divided by 1614?
1431
What is the remainder when 497433 is divided by 985?
8
What is the remainder when 2553653 is divided by 73?
40
Calculate the remainder when 4854858 is divided by 801.
798
What is the remainder when 82437 is divided by 1714?
165
Calculate the remainder when 83617468 is divided by 62.
52
Calculate the remainder when 3300749770 is divided by 183.
181
Calculate the remainder when 29551 is divided by 2918.
371
Calculate the remainder when 157459 is divided by 806.
289
What is the remainder when 6001421 is divided by 666824?
5
What is the remainder when 15284379 is divided by 5105?
9
What is the remainder when 1265483 is divided by 5433?
5027
Calculate the remainder when 4093898 is divided by 1121.
6
What is the remainder when 76961 is divided by 1307?
1155
Calculate the remainder when 246932 is divided by 246923.
9
Calculate the remainder when 3897929 is divided by 649652.
17
Calculate the remainder when 1181333 is divided by 38106.
47
What is the remainder when 2883856 is divided by 23634?
508
What is the remainder when 94213 is divided by 93612?
601
What is the remainder when 438041578 is divided by 570?
568
What is the remainder when 240796206 is divided by 104694?
6
Calculate the remainder when 771749 is divided by 385786.
177
What is the remainder when 3387859 is divided by 33543?
16
Calculate the remainder when 383807 is divided by 76759.
12
What is the remainder when 924337 is divided by 231013?
285
Calculate the remainder when 54437525 is divided by 989.
987
Calculate the remainder when 1393020 is divided by 52.
44
What is the remainder when 326801394 is divided by 13?
10
What is the remainder when 54128059 is divided by 27063976?
107
What is the remainder when 109997446 is divided by 74?
72
What is the remainder when 79693 is divided by 7958?
113
What is the remainder when 177494 is divided by 8451?
23
Calculate the remainder when 817906 is divided by 606.
412
Calculate the remainder when 27543 is divided by 9147.
102
What is the remainder when 35409 is divided by 8744?
433
Calculate the remainder when 1717539 is divided by 13851.
15
What is the remainder when 2404679 is divided by 174?
173
Calculate the remainder when 1052611 is divided by 75.
61
What is the remainder when 801580 is divided by 1076?
1036
What is the remainder when 72255 is divided by 72249?
6
Calculate the remainder when 109787006 is divided by 8407.
8400
What is the remainder when 2100013439 is divided by 164?
163
Calculate the remainder when 1077879 is divided by 1747.
1727
Calculate the remainder when 93224 is divided by 2739.
98
What is the remainder when 71895 is divided by 3540?
1095
Calculate the remainder when 96893 is divided by 46717.
3459
What is the remainder when 52199027 is divided by 15069?
11
Calculate the remainder when 38381855 is divided by 3838174.
115
What is the remainder when 229098713 is divided by 11580?
11573
Calculate the remainder when 6077054 is divided by 5.
4
Calculate the remainder when 35709 is divided by 3952.
141
Calculate the remainder when 9155 is divided by 1384.
851
What is the remainder when 169433 is divided by 82808?
3817
What is the remainder when 6797702 is divided by 20788?
26
Calculate the remainder when 13963529 is divided by 308.
41
Calculate the remainder when 218721 is divided by 3045.
2526
What is the remainder when 200105 is divided by 2548?
1361
Calculate the remainder when 5048 is divided by 900.
548
What is the remainder when 580716 is divided by 1742?
630
Calculate the remainder when 66105 is divided by 1934.
349
Calculate the remainder when 788979 is divided by 50.
29
Calculate the remainder when 62046571 is divided by 25.
21
What is the remainder when 2868409 is divided by 75?
34
Calculate the remainder when 544809 is divided by 6489.
6222
Calculate the remainder when 1230303 is divided by 454.
417
What is the remainder when 208686 is divided by 208573?
113
Calculate the remainder when 65835 is divided by 1561.
273
Calculate the remainder when 3408230 is divided by 11323.
7
Calculate the remainder when 127101 is divided by 3116.
2461
What is the remainder when 122476 is divided by 30529?
360
What is the remainder when 308522 is divided by 1713?
182
What is the remainder when 433708856 is divided by 65?
61
What is the remainder when 14371343 is divided by 525?
518
What is the remainder when 1793997 is divided by 11574?
27
What is the remainder when 72393 is divided by 8015?
258
What is the remainder when 19316 is divided by 12?
8
What is the remainder when 18031612 is divided by 188?
156
What is the remainder when 183767 is divided by 36727?
132
What is the remainder when 2089041 is divided by 662?
431
Calculate the remainder when 436797